 4*v + 15*v + 7*v**3 - 18 - 9*v. Give p(-2).
-56
Let b(c) = -779 - c + 779. Let s(o) = -6*o + 6. Let v(n) = -4*b(n) + s(n). What is v(5)?
-4
Let p = 19 - 37/2. Let k(q) be the third derivative of 0 + 0*q + p*q**3 + 1/20*q**5 - 4*q**2 - 1/8*q**4 - 1/120*q**6. Determine k(2).
1
Let r(p) = p**2 + 1. Let h = -20 - -34. Suppose -2 - h = -2*n. Let q be 6/n + (-9)/12. Determine r(q).
1
Suppose -6*z - 5*x = -2*z - 17, 0 = 3*x - 3. Let c(s) = 5*s**2 - 3*s - 3. Determine c(z).
33
Suppose 0 = -l + 2*l + g - 37, -g + 3 = 0. Let m(b) = 40 + 2*b - l - b. Calculate m(-7).
-1
Suppose 0 = -16*b + 9*b + 21. Let o(z) = -7*z + 11. Determine o(b).
-10
Let g(s) = -s - 11. Let k = 212 + -222. What is g(k)?
-1
Let y(l) = -l**2 + 2*l - 2. Let g be 4/((-4)/(40/1)). Let k be (g/(-7) - 2) + 2/7. Calculate y(k).
-10
Suppose z - 5*w - 21 = 6, 0 = 2*z - 2*w - 14. Let k(j) = 4*j + j**2 - 7*j + j**2 - j**z. Calculate k(4).
4
Suppose 54*q - 7 = 263. Let a(x) = 2*x + 4. Give a(q).
14
Let t(i) = 9*i**2 - 33*i + 11. Let z(a) = 5*a**2 - 18*a + 5. Let g(o) = -4*t(o) + 7*z(o). Calculate g(5).
-4
Let t(a) = -a**3 + a**2 + 3*a + 3. Let w = -940 + 938. Give t(w).
9
Let a(g) = -3 - 23*g + 48*g - 26*g. Determine a(3).
-6
Suppose -5*v - 5 = 4*j, -4*v - 5*j + 3 - 16 = 0. Let a(q) = 2*q + 5*q - v + 0*q - q. Let g(k) = -2*k + 1. Let p(t) = 4*a(t) + 14*g(t). What is p(2)?
-6
Let o(p) = -p**3 + 233 - 6*p**2 - 450 + 224. Calculate o(-5).
-18
Let m(x) = -5*x - 15. Let h be m(-3). Let l(s) = h*s - 2*s + 2 + 3 - 2. Give l(6).
-9
Let s(l) be the third derivative of l**5/60 + l**4/6 - l**3/3 + 3*l**2 + 21*l. Determine s(-4).
-2
Let l = 17 + -15. Suppose w = -l + 4. Let k(t) = -t - w*t**2 + 1 + 0*t**2 - 4*t + 3*t**2. What is k(5)?
1
Suppose 0 = 94*t + 158 + 970. Let h(w) = w**2 + 12*w + 5. What is h(t)?
5
Let z(b) = b**3 - 11*b**2 + 9*b. Suppose 14*p = -393 + 533. Give z(p).
-10
Let n(y) = 4*y + 1. Let z be n(-1). Let l = -1 - z. Let i(x) = -l + 0*x + 0*x + 0 + x. Calculate i(0).
-2
Let m(x) = -4*x - 2. Let l be 39/9 + 12/(-9). Suppose -l*a = 6 + 6. Give m(a).
14
Let o(n) = n**3 + 6*n**2 - n - 2. Let a be o(-6). Suppose -4 = -a*m + 3*m - p, 5*m = -2*p + 17. Let k(s) = 10*s**2 - 3*s - m - 11*s**2 - 3*s. Determine k(-6).
-3
Let a(w) = w**2 - 1. Let o = -25 - -29. Let h be o + (-2)/(-1 + 3). Suppose -4*x = -3*k - x + 12, 5*k - h*x - 12 = 0. What is a(k)?
-1
Let p(j) be the third derivative of 0 - 1/60*j**5 - 2/3*j**3 - 7/24*j**4 + 0*j + 15*j**2. What is p(-6)?
2
Let n(p) = 3*p + 4. Let g be -7*9/189*9. What is n(g)?
-5
Let a(h) be the third derivative of -h**8/20160 - h**7/1008 - h**6/240 + 8*h**5/15 + 29*h**2. Let m(x) be the third derivative of a(x). Determine m(-5).
-3
Let m = 39 - 36. Let o(t) = 3 + m*t - 1 - 1. Let y = -7 - -4. What is o(y)?
-8
Let l(y) = y**2 + 22*y + 43. Let k be l(-20). Let h(d) = 7*d**k - d + 2*d + 12 - 11 - d**2. What is h(-1)?
-8
Let p(r) = -r**2 - 31*r - 64. Let x be p(-29). Let v(q) be the first derivative of 3*q**2/2 + 9*q + 1. What is v(x)?
-9
Let z = 6 - 8. Let c(i) = 3*i**2 - i. Let o(f) = -6*f**2 + f + 1. Let d(s) = 3*c(s) + 2*o(s). Determine d(z).
-8
Let a(v) be the third derivative of 7/6*v**3 + 0 + 0*v - v**2 - 1/60*v**5 - 7/24*v**4. Let f be 0 + 1/1 - 7. Give a(f).
13
Let o(p) = -p + 1. Let g(h) be the third derivative of h**4/12 + h**3/6 - 5*h**2. Let q be g(0). Suppose l - 2*x - q = 0, -2*l - x = 3*l + 28. Determine o(l).
6
Suppose p = -2*d, 2*d + 2*d = p + 12. Suppose -3*t = 5*v + 20, -t = -3*v - d*t - 12. Let h(l) = -l**3 + 1 - 5*l**2 + 1 - 1 - 2*l. Determine h(v).
-7
Let z(u) = -4*u**2 + 3*u + 4. Let l be (-24)/8 - 6 - (4 + -11). Calculate z(l).
-18
Suppose 2*x + 2*s = -0*x + 2, 0 = -4*x - s + 1. Let c(m) = 3*m + x*m + m - 3*m. Suppose -10 = -5*o, 0*o = -4*a + 2*o. Determine c(a).
1
Let c(f) = -7*f**2 + 0 - 2039*f + 2043*f - 2. What is c(2)?
-22
Suppose 5*q - 25 = -t, -5*t + 7 = 3*q - 30. Let s(i) = 12*i - 3. Let k(d) = 4*d - 1. Let p(w) = q*s(w) - 11*k(w). Let y be 20*-13*(-10)/1300. Give p(y).
7
Let v = -33 + 35. Suppose 4*s = -5*t + 59, 2*s = -s + t + 30. Let l(b) = 0*b + s - 3 - v*b. What is l(6)?
-4
Suppose 0 = -5*w + u - 5, -2*w + 0*u - 3*u = -15. Suppose 6*n - 4*n - 2 = w. Let p(z) = 6*z - 1. Determine p(n).
5
Let n(k) be the second derivative of -k**5/20 + 5*k**4/4 - k**3/6 + 4*k**2 + 181*k - 3. Give n(15).
-7
Let l(h) = 2*h**3 + 2*h**2 + 4*h + 3. Suppose -4*k = -3*k + 2, -5*z - k = 12. Calculate l(z).
-13
Let r(d) = -6*d**2 - 9*d + 10 + 38*d**3 - 74*d**3 + 37*d**3. Calculate r(7).
-4
Let g(v) = -1 + 9*v + 4*v**2 - 5*v**2 + 2*v**2 - 2*v**2. Let d(m) = 4*m**2 - 28*m + 4. Let x(a) = 2*d(a) + 7*g(a). What is x(-5)?
-9
Suppose 4*a + 7 + 25 = 5*n, 2*n - 5 = -a. Let y(d) = 4 + d - n - 7 + d. Suppose 8 = 321*w - 320*w. Determine y(w).
9
Let t(a) = a**3 + 2*a**2 - 7*a - 5. Suppose 2*u = 3*v + 8 + 5, -4*v - 4 = 4*u. Let n be (-8)/(-12)*(-6 - 0/v). Calculate t(n).
-9
Let m(f) = -609*f - f**2 - 75 + 76 + 611*f. Let n be 2/(-1)*(-2)/2. Calculate m(n).
1
Let t(g) be the third derivative of -g**5/60 - g**4/3 + g**3/2 - 2*g**2 - 101*g. What is t(-9)?
-6
Suppose 21 - 6 = 5*b. Suppose b*s - 3 = -0*s. Let x(q) = q + 75 + 81 - q**2 - 157. What is x(s)?
-1
Let z(o) = o**2 - 4*o + 4. Let t be 72/(-252) - 74/(-14). Calculate z(t).
9
Let j(y) be the second derivative of y**3/6 + y**2 - 6*y. Let b be j(0). Let k(i) = -i - i + 2 - b*i + i. Give k(-2).
8
Let w(i) be the second derivative of i**4/6 + 5*i**3/6 - 3*i**2 + 3*i - 4. Calculate w(-5).
19
Let c(w) = 41*w + 1305 - 2610 + 1304. Determine c(-1).
-42
Let z(k) be the third derivative of -k**4/24 + 7*k**3/6 + 13*k**2. Suppose 28 - 108 = -4*f. Suppose 5*s = s + 2*q + f, 2*q = -s + 10. Determine z(s).
1
Let n(w) = w + 2. Let y(x) = -3*x - 13. Let p(g) = -4*n(g) - y(g). Let v = -8 - -12. Determine p(v).
1
Suppose -8*x + 6*x - 8 = -4*b, -3*x - 4*b + 8 = 0. Let y(n) = -n**3 + n + 12. Give y(x).
12
Let c(j) = j**2 - 3*j + 1. Let z be -2*1 - (0 - -2). Let y be (-4)/(((-25)/10)/5*-1). Let d = z - y. Calculate c(d).
5
Suppose 0 = 3*i - 5*i + 10. Let b(h) = -i*h - 5 + 3*h + h. Let u = 0 + -4. Determine b(u).
-1
Let m(p) be the second derivative of -p**3/6 + 3*p**2/2 + 27*p. Suppose w + w + 10 = 0. Give m(w).
8
Suppose -5*w - 41 = 4. Let r(l) = -l**2 - 9*l + 13. Calculate r(w).
13
Let x be (16/10)/(4/10). Let z be -7*(-18 + 3)/5. Let r(m) = 0*m**2 - z + x*m + 17 + m**2. What is r(-3)?
-7
Let j be (-46)/(-4) + 3/6. Let x(p) = j*p + p**2 - 26*p + 19*p - 6. Give x(-6).
0
Let r(x) = 3*x. Let u(m) = -7*m - 6. Let y(v) = -8*v - 7. Let g(l) = 7*u(l) - 6*y(l). Let o be 1 + 5/(5/(-2)). Let a be g(o). Calculate r(a).
3
Suppose -199 + 3 = -7*y. Let i be 4/7*y/(-8). Let v(c) = c**2 - 1. What is v(i)?
3
Suppose -2*z + 5*z - 12 = 0. Let v(h) = 0 - 3*h + h - 3*h + 6 + 3*h. What is v(z)?
-2
Let q(v) = -4*v**2 - 8*v - 5. Let d(c) = -c**2 - 2*c - 1. Let k(x) = -9*d(x) + 2*q(x). Suppose -34 + 4 = -5*w. Let b be ((-20)/15)/(4/w). Give k(b).
-1
Let k(j) = 2*j**2 - 21*j + 29. Let a be k(9). Let q(n) = -9*n. What is q(a)?
-18
Suppose 200 + 352 = 6*h. Let b = h - 89. Let v(j) = j. Determine v(b).
3
Suppose 2*v = -v - 5*l + 41, 0 = 5*v + 4*l - 64. Let b be -14 + -1 + (0 - 2). Let i = b + v. Let q(f) = -2*f - 4. What is q(i)?
6
Let s = -19 - -11. Let j(k) = -k - 4. Let i be j(s). Suppose -15 = -i*w - 3*c + 5, 5*c - 22 = -w. Let a(o) = 3*o. What is a(w)?
6
Let b(z) = z**3 - 4*z - 4. Let w be (-1)/(-3) - (-39)/(-9). Let a(j) = -j**3 - j**2 + 3*j + 4. Let f(t) = w*a(t) - 3*b(t). Calculate f(-4).
-4
Let h(p) = 66*p + 594. Let s be h(-9). Let b(z) = z**3 - 3*z**2 - 5*z + 3. Let g(x) = x**3 - 4*x**2 - 6*x + 4. Let q(c) = -5*b(c) + 4*g(c). What is q(s)?
1
Let c(s) = 2*s**2 - s - 3. Let p(k) be the first derivative of -k**3 + k**2 + 7*k - 9. Let h(q) = -5*c(q) - 2*p(q). Give h(-1).
-4
Let n(l) = -22*l + 18. Let k(c) = 4*c - 4. Let t(o) = -16*k(o) - 3*n(o). Determine t(9).
28
Let j(g) = -18*g - 91. Let f be j(-5). Let v(k) = 23*k**2 + k + 1. Give v(f).
23
Let i = 0 - 5. Let a(f) = -2*f**3 + 8*f**2 - 6*f + 2. Let x(c) = -3*c**3 + 15*c**2 - 12*c + 4. Let o(s) = i*a(s) + 3*x(s). Suppose -2 = z + 4. Determine o(z).
2
Let b(d) = -d**3 + 6*d**2 + 10*d - 2. Let s be (-1 - 6)/((0 + -2)/2). Determine b(s).
19
Suppose x = -5*l + 18, -2*x = 14*l - 11*l - 1. Let b(m) = -2*m - 